e 4*l + 3*w + 6 = 11, 10 = 3*l - 4*w. Suppose -l*c = 2, 3*c - 6*c = f - 1051. Let k = f - -1317. Is k a composite number?
False
Suppose -8*a - 231678 = 4*a - 1376274. Is a a prime number?
True
Suppose 5*x - 5 = -q, q + q = -3*x - 4. Suppose -i - 4*n = -11209, i = x*n + 2*n + 11217. Is i composite?
False
Suppose -348*l + 353*l - 4801501 = 4*m, 5*m = -2*l + 1920541. Is l a prime number?
True
Suppose 73*l = 79*l + 354612. Let w = -33645 - l. Is w composite?
False
Suppose 2*m + 24 = -4*k, -k = -4*m - 2*k - 27. Let j(z) = -23*z**3 + 8*z**2 + 5. Is j(m) a composite number?
False
Let n = 332134 + 476719. Is n a composite number?
False
Let c(z) = -993*z + 40. Let o be c(-4). Let a be 1*o/(8 - 4). Let d = 1634 - a. Is d a prime number?
True
Let t be (18/15)/(18/60). Suppose 5*u + 21 = b, -t*u + 4*b = -2*u + 12. Is (41 + u)*(1 - 2)*-31 a prime number?
False
Let m = 774 - 771. Suppose 10622 = m*l - 4*d - 3611, -d - 23733 = -5*l. Is l a prime number?
False
Is 18/450*-15 - (-268658)/5 a composite number?
False
Suppose -12*c + 9*c - 90 = 0. Let i = 33 + c. Suppose -5*r = f - i*r - 24, -5*r = -3*f + 61. Is f a composite number?
True
Suppose -254 - 42 = -37*p. Suppose -p*s = -5*s - 921. Is s a composite number?
False
Let p be (-23 + -233)/((1 + -3)*1). Let v = p + 207. Is v prime?
False
Let j(p) = -p**3 - 3*p**2 + 6*p - 9. Let u(v) = 4*v + 10. Let n(s) = s + 1. Let q(z) = 2*n(z) - u(z). Let r be q(0). Is j(r) a composite number?
False
Let v(h) = h**2 + 13*h + 29. Let p be v(-9). Let a be -3*1 - (6 + -7 + p). Suppose -d = -a*d - 4*b + 6792, -2*b = -10. Is d a composite number?
False
Let n be (-1 - -5)/(-4) - (0 - -5). Let x be (-2)/(n/20*(-12)/(-27)). Is 6/x - 2/(10/(-263)) a prime number?
True
Let o be 12/(-30) + (-9)/15 - 1921. Let w = 3555 + o. Is w composite?
True
Suppose 309*u = 300*u. Suppose 2*x - 5*x - 3*l + 15483 = u, 5173 = x + 5*l. Is x composite?
True
Let t = -1556976 - -2293583. Is t a composite number?
False
Is (-581904)/(-7) + 12 + (-510)/42 a composite number?
True
Let y(j) = -3*j**2 + 6*j + 18. Let k be y(-4). Let b = k + 58. Suppose -4*d - 2*s = -12024, s = b*d - s - 12032. Is d a prime number?
False
Let p(t) = -23787*t - 1171. Is p(-34) composite?
True
Let d = -312 - -304. Let z(w) = -19*w**3 + 16*w**2 - 9*w + 17. Is z(d) a composite number?
True
Suppose -2*c + 1403746 = 2*s, 82*c = 80*c - 16. Is s a composite number?
False
Let x(v) = -12*v**2 - v + 9. Let n be x(-6). Is 11*5/((-15)/n) a prime number?
False
Suppose 65*o - 5168873 = -50*o - 22*o. Is o a prime number?
False
Let k(a) = -6174*a + 3505. Is k(-39) a prime number?
True
Let t(m) = -804*m + 80. Let a be t(21). Is (7 + (-58)/8)*a a prime number?
True
Let z(i) be the first derivative of -467*i**2/2 + 2*i - 98. Is z(-13) a composite number?
False
Suppose 220*p - 5*f + 306971 = 222*p, p - 2*f = 153499. Is p composite?
True
Let p(z) = 63*z**2 - 18*z - 41. Let d(f) = f**2 - 10*f - 4. Let a be d(10). Is p(a) a prime number?
True
Let x be 7 + 3 - 3/((-40)/25 - -1). Let o = -2 - -8. Is (-1172)/o*(-18 + x) composite?
True
Suppose 8*d - 12*d + 4*u = -648812, d = -3*u + 162207. Suppose -17*n + d = 11*n. Is n prime?
False
Suppose 4*w = 1371 + 3825. Suppose 1704 - 3436 - 7343 = 33*n. Let f = w - n. Is f prime?
False
Suppose -5*q = 50 - 25. Let h(f) = -f + 16. Let s be h(18). Is (-14 - 600)*(1 - q/s) composite?
True
Let l(y) = -175330*y**3 + y**2 - 7*y - 7. Is l(-1) a composite number?
True
Suppose 4*b = 4*j + 7748, 0 = -3*j + 6*j. Is b prime?
False
Let m(w) = -w**3 + 11*w**2 - 25*w + 10. Let k be 84/10 - (-2)/(-5). Let s be m(k). Suppose -4627 = -3*q + s*u, 3*q - 4630 = -5*u + 4*u. Is q composite?
False
Let t(j) = 4*j**3 + 11*j**2 - 128*j + 52. Is t(9) composite?
False
Let u = -60 - -65. Let w(n) = -n**3 + 6*n**2 - 6*n + 1. Let v be w(u). Let m(l) = 48*l**2 - 3*l - 35. Is m(v) a prime number?
False
Suppose -455466 = -6*n - 4*h, -5*h = 3*n - 2*n - 75898. Is n a composite number?
False
Let y be -1 - -1 - -2 - (-4 + 2). Suppose -3*w = -y*d + 767 + 566, 3*d - 999 = 2*w. Is d a prime number?
True
Let d(c) be the second derivative of 30*c**3 + 37*c**2/2 - 2*c - 51. Is d(9) a composite number?
False
Let s be 12 + -8 - 2 - -70399. Suppose -17*y - s = -48*y. Is y a prime number?
False
Let o = 46262 + 302157. Is o composite?
False
Suppose -4*u + 4498866 = 5*q, 4021*q = 4024*q + 6. Is u composite?
False
Suppose l + 167951 - 678235 = -3*u, 4*u - 1530877 = -3*l. Is l a composite number?
False
Let y(j) = -3340*j - 153. Let x be y(-8). Let o = x - 18660. Is o composite?
False
Suppose 4*r = -4*p + 263496, -4*r = 29*p - 24*p - 329365. Is p prime?
False
Suppose 4*g - 5*z + 8 = 0, 0 = -20*z + 17*z + 12. Is (26/10 - g)/((-2)/1255) a prime number?
True
Suppose 59542 + 26042 = -24*d. Let t = -1205 - d. Is t a prime number?
False
Let u(g) = 254*g**2 + 270*g + 1365. Is u(62) prime?
False
Let i = -305 + 309. Suppose 2 = 2*y - i, -3*y + 4092 = 3*k. Is k a composite number?
False
Suppose -1565*n = -1559*n - 48306. Is n a composite number?
True
Let x = 136284 - -98173. Is x a composite number?
False
Let u be 4/3*15 - 2. Let h be (-12)/u*(-1674)/4. Suppose 6*p - 3*p - h = 0. Is p a prime number?
False
Suppose 0 = 8*t + 315 + 205. Suppose o + 3*o - 2*m - 784 = 0, -4*o + 784 = 2*m. Let c = t + o. Is c prime?
True
Suppose 0*j - 2*j - 3950 = -2*h, 4*j - 9857 = -5*h. Is (-4 - (-5)/2)*-2*h composite?
True
Suppose 0 = -19*x + 18*x + 36415. Suppose x - 148180 = -15*u. Is u a composite number?
False
Let h be (-3 - -7) + (1 - 493). Suppose 263*w = 258*w + 4335. Let o = w + h. Is o a prime number?
True
Let r(k) = -329 + k - 4*k + 316. Let j be r(-9). Suppose 2222 = j*i + 10. Is i a composite number?
True
Let l(g) = -g - 17. Let n be l(-15). Let m be 20/(-5)*n - 2. Suppose m*v = 11*v - 2935. Is v a prime number?
True
Suppose 3*w = 5*i - 2086, -14*w + 13*w + 422 = i. Let h = i - 216. Is h a prime number?
False
Let m be (256/(-26) - (-8)/(-52))/(-1). Let t(h) = -h**3 + 13*h**2 - 32*h + 14. Let n be t(m). Is (47/1)/((-3)/n) a composite number?
True
Let n be 3/(-2)*(-64)/(-48). Let f be 1/n*(-40 + -2). Suppose -2*g - 111 = -x, -x - f = 4*g - 132. Is x a prime number?
False
Let p be 16/5*(0 - (3 + 2)). Is 2870 + p/(4/1) + -3 composite?
True
Let x(h) = 159*h - 4. Let p(f) = 159*f - 5. Let q(k) = 3*p(k) - 2*x(k). Let c(l) = l**3 + 5*l**2 - 8*l. Let w be c(-6). Is q(w) a prime number?
True
Let d(o) = 2607*o**2 - 4*o - 17. Is d(-6) composite?
True
Let v = 1241 + -567. Let n = v + 113. Let u = 1698 - n. Is u a composite number?
False
Let w(x) = -x**3 + 8*x**2 - 13*x + 1706591. Is w(0) a composite number?
False
Suppose 46469 = 3*g + 19*j - 18*j, 4*j = -5*g + 77460. Let u = g + -7531. Is u a prime number?
False
Suppose -17*x = -4*x - 4*x. Suppose x = -4*c + 2*i + 8706, -7682 + 1165 = -3*c - i. Is c prime?
False
Let g = -84 - -76. Let r(o) = -257*o + 35. Let l be r(g). Let s = l + -1456. Is s a composite number?
True
Let x(s) = 10*s**2 + 18*s + 5. Let o = -2 - -8. Let g(l) = 2*l**2 - 11*l - 12. Let w be g(o). Is x(w) prime?
True
Let q(a) = -a**3 - a**2 - 2*a - 4. Let d(o) = -1 - 5*o + 15 - 2 - 4. Let v be d(2). Is q(v) a prime number?
False
Suppose 0 = l + 2. Let k(n) = 120*n**2 - n + 2. Let r be k(l). Suppose -r - 471 = -5*c. Is c composite?
False
Suppose 5*x - 2*v - 26 = 0, -17 = -4*x + 3*v + 8. Suppose x*p = 5*u + 67387 - 240652, 5*u - 3*p = 173270. Is u prime?
False
Let o(b) be the first derivative of -492*b**2 + 15*b + 5. Let r be o(-2). Let a = r + -1289. Is a a prime number?
False
Let l(w) be the second derivative of 3*w**4 - 29*w**3/6 + 41*w**2 - w + 144. Is l(21) a composite number?
False
Let b(x) = 1800*x - 5. Let k be b(3). Suppose -11*l = -6*l - k. Let u = 1990 - l. Is u a composite number?
False
Let y(c) = 5*c - 33. Let i be y(8). Is -1 - (38122/(-6) + i/(-21)) a composite number?
False
Suppose 102*q - 2504731 = 61*q. Is q a composite number?
False
Let r = 79358 + -43723. Is r a composite number?
True
Let k(d) = -7*d**3 - 2*d**2 - 3*d - 2. Let s(x) = x**2 - 2*x - 1. Let t be s(0). Let v be k(t). Suppose -m + 581 = v*m. Is m a composite number?
False
Let k = 178 + 2754. Suppose -k = 477*o - 481*o. Is o a prime number?
True
Is 0 + (-18 - (-76649 - 18)) composite?
False
Let j(d) = d**2 + 25*d + 2. Let c be j(-25). Suppose -5*v = -8*m +